, 3, 5, 11, 13, 461
List the prime factors of 4813719.
3, 1604573
List the prime factors of 1035886.
2, 157, 3299
What are the prime factors of 14621042?
2, 47, 109, 1427
List the prime factors of 8152694.
2, 11, 67, 5531
List the prime factors of 2462294.
2, 193, 6379
List the prime factors of 27992.
2, 3499
What are the prime factors of 142559?
142559
What are the prime factors of 750554?
2, 7, 53611
What are the prime factors of 28702906?
2, 1699, 8447
List the prime factors of 824207.
79, 10433
What are the prime factors of 509559?
3, 29, 5857
List the prime factors of 476591.
476591
What are the prime factors of 425863?
109, 3907
List the prime factors of 125740.
2, 5, 6287
What are the prime factors of 185367?
3, 7, 13, 97
What are the prime factors of 1587048?
2, 3, 89, 743
What are the prime factors of 7984711?
7, 37, 30829
What are the prime factors of 1048887?
3, 7, 16649
What are the prime factors of 137810?
2, 5, 13781
What are the prime factors of 11464724?
2, 103, 27827
List the prime factors of 5392803.
3, 13, 53, 2609
What are the prime factors of 48346?
2, 23, 1051
What are the prime factors of 14915449?
14915449
What are the prime factors of 102820?
2, 5, 53, 97
What are the prime factors of 12685403?
239, 53077
What are the prime factors of 426626?
2, 19, 103, 109
What are the prime factors of 201666?
2, 3, 19, 29, 61
List the prime factors of 241649.
167, 1447
List the prime factors of 4942066.
2, 2471033
List the prime factors of 426130.
2, 5, 43, 991
List the prime factors of 434384.
2, 17, 1597
What are the prime factors of 18492916?
2, 13, 355633
List the prime factors of 39293.
39293
List the prime factors of 251793.
3, 101, 277
List the prime factors of 1706610.
2, 3, 5, 163, 349
List the prime factors of 475570.
2, 5, 19, 2503
What are the prime factors of 6623705?
5, 11, 120431
List the prime factors of 155250.
2, 3, 5, 23
What are the prime factors of 922399?
641, 1439
What are the prime factors of 565246?
2, 11, 25693
List the prime factors of 29367513.
3, 7, 66593
What are the prime factors of 27915833?
11, 2537803
List the prime factors of 29942885.
5, 7, 855511
List the prime factors of 1229785.
5, 67, 3671
List the prime factors of 64594.
2, 32297
List the prime factors of 1781484.
2, 3, 148457
List the prime factors of 23484098.
2, 11, 1067459
List the prime factors of 29888721.
3, 3320969
List the prime factors of 8191.
8191
List the prime factors of 476930.
2, 5, 37, 1289
List the prime factors of 10642929.
3, 11, 322513
What are the prime factors of 15323?
7, 11, 199
What are the prime factors of 399814?
2, 43, 4649
List the prime factors of 2639350.
2, 5, 7, 7541
What are the prime factors of 710460?
2, 3, 5, 3947
What are the prime factors of 19764253?
37, 14437
List the prime factors of 114678.
2, 3, 23, 277
List the prime factors of 29359036.
2, 7, 149791
List the prime factors of 5223831.
3, 1171, 1487
What are the prime factors of 359420?
2, 5, 17971
List the prime factors of 3169664.
2, 24763
List the prime factors of 117405.
3, 5, 2609
List the prime factors of 2630990.
2, 5, 307, 857
What are the prime factors of 9615202?
2, 1697, 2833
List the prime factors of 294672.
2, 3, 7, 877
List the prime factors of 9922653.
3, 13, 84809
List the prime factors of 260893.
260893
List the prime factors of 2262526.
2, 7, 23087
List the prime factors of 3263783.
1459, 2237
List the prime factors of 2378584.
2, 13, 22871
What are the prime factors of 265074?
2, 3, 44179
What are the prime factors of 5959794?
2, 3, 373, 2663
List the prime factors of 484844.
2, 53, 2287
List the prime factors of 991984.
2, 7, 17, 521
What are the prime factors of 773072?
2, 19, 2543
What are the prime factors of 14024864?
2, 7, 17, 29, 127
List the prime factors of 612128.
2, 11, 37, 47
What are the prime factors of 194293?
11, 17, 1039
List the prime factors of 2274275.
5, 90971
List the prime factors of 342884.
2, 23, 3727
List the prime factors of 627238.
2, 313619
List the prime factors of 182719.
73, 2503
List the prime factors of 1230948.
2, 3, 31, 1103
List the prime factors of 9216454.
2, 13, 354479
What are the prime factors of 1646504?
2, 29, 47, 151
List the prime factors of 2273023.
43, 52861
List the prime factors of 182022.
2, 3, 23, 1319
List the prime factors of 28467951.
3, 23, 31, 13309
List the prime factors of 151695.
3, 5, 3371
List the prime factors of 799979.
799979
What are the prime factors of 531065?
5, 106213
What are the prime factors of 2192649?
3, 409, 1787
What are the prime factors of 3929530?
2, 5, 11, 139, 257
What are the prime factors of 176102?
2, 191, 461
List the prime factors of 132132.
2, 3, 7, 11, 13
What are the prime factors of 3669092?
2, 7, 59, 2221
What are the prime factors of 7295059?
7295059
What are the prime factors of 17290680?
2, 3, 5, 11, 13099
List the prime factors of 628490.
2, 5, 17, 3697
List the prime factors of 642352.
2, 19, 2113
List the prime factors of 6014817.
3, 74257
What are the prime factors of 15344121?
3, 13, 107, 3677
List the prime factors of 150699.
3, 191, 263
What are the prime factors of 5705714?
2, 7, 109, 3739
What are the prime factors of 53878?
2, 11, 31, 79
What are the prime factors of 11985054?
2, 3, 233, 8573
List the prime factors of 1281874.
2, 11, 5297
List the prime factors of 646946.
2, 323473
List the prime factors of 762050.
2, 5, 15241
What are the prime factors of 6300471?
3, 31, 37, 1831
What are the prime factors of 4164743?
11, 19, 19927
What are the prime factors of 108062?
2, 71, 761
What are the prime factors of 1589894?
2, 53, 283
List the prime factors of 3166541.
7, 452363
What are the prime factors of 2884799?
2884799
What are the prime factors of 520426?
2, 260213
List the prime factors of 241202.
2, 13, 9277
List the prime factors of 8563773.
3, 2854591
What are the prime factors of 20568084?
2, 3, 137, 12511
What are the prime factors of 318708?
2, 3, 13, 227
What are the prime factors of 3557447?
41, 86767
What are the prime factors of 3289724?
2, 822431
What are the prime factors of 4378382?
2, 223, 9817
What are the prime factors of 27053542?
2, 13526771
List the prime factors of 1592724.
2, 3, 7, 67, 283
What are the prime factors of 2514589?
7, 11, 17, 113
List the prime factors of 3230976.
2, 3, 7, 601
What are the prime factors of 739390?
2, 5, 73939
List the prime factors of 2532740.
2, 5, 7, 79, 229
What are the prime factors of 4696017?
3, 41, 73, 523
What are the prime factors of 59047?
137, 431
What are the prime factors of 235174?
2, 59, 1993
What are the prime factors of 647731?
7, 13219
List the prime factors of 33329016.
2, 3, 7, 47, 67
What are the prime factors of 7975629?
3, 886181
List the prime factors of 1004981.
1004981
What are the prime factors of 656873?
7, 107, 877
What are the prime factors of 38571460?
2, 5, 23, 71, 1181
What are the prime factors of 2609910?
2, 3, 5, 47, 617
List the prime factors of 1782198.
2, 3, 11, 9001
What are the prime factors of 1374398?
2, 521, 1319
What are the prime factors of 1171601?
1171601
What are the prime factors of 7721?
7, 1103
List the prime factors of 1391831.
7, 198833
List the prime factors of 215269.
61, 3529
List the prime factors of 271364.
2, 179, 379
What are the prime factors of 27619?
71, 389
List the prime factors of 330349.
23, 53, 271
List the prime factors of 1206058.
2, 7, 277, 311
List the prime factors of 5629045.
5, 29, 38821
List the prime factors of 29102896.
2, 1818931
What are the prime factors of 1377449?
389, 3541
List the prime factors of 435421.
7, 17, 3659
What are the prime factors of 78039?
3, 13, 23, 29
What are the prime factors of 280976?
2, 17, 1033
List the prime factors of 21576080.
2, 5, 269701
List the prime factors of 771238.
2, 13, 29663
List the prime factors of 295985.
5, 59197
What are the prime factors of 306937?
191, 1607
What are the prime factors of 14148191?
53, 266947
What are the prime factors of 2383373?
31, 76883
What are the prime factors of 1041000?
2, 3, 5, 347
List the prime factors of 1521157.
11, 61, 2267
List the prime factors of 450410.
2, 5, 73, 617
What are the prime factors of 4554149?
4554149
What are the prime factors of 588438?
2, 3, 17, 641
What are the prime factors of 4836655?
5, 877